{"id":49,"date":"2022-01-04T00:58:24","date_gmt":"2022-01-04T00:58:24","guid":{"rendered":"https:\/\/rolnet.mx\/?page_id=49"},"modified":"2022-01-04T00:58:47","modified_gmt":"2022-01-04T00:58:47","slug":"49-2","status":"publish","type":"page","link":"https:\/\/rolnet.mx\/index.php\/49-2\/","title":{"rendered":"Pol\u00edtica de Ventas"},"content":{"rendered":"\n[et_pb_section fb_built=&#8221;1&#8243; theme_builder_area=&#8221;post_content&#8221; _builder_version=&#8221;4.14.4&#8243; _module_preset=&#8221;default&#8221;][et_pb_row _builder_version=&#8221;4.14.4&#8243; _module_preset=&#8221;default&#8221; column_structure=&#8221;1_4,3_4&#8243; theme_builder_area=&#8221;post_content&#8221;][et_pb_column _builder_version=&#8221;4.14.4&#8243; _module_preset=&#8221;default&#8221; type=&#8221;1_4&#8243; theme_builder_area=&#8221;post_content&#8221;][et_pb_text _builder_version=&#8221;4.14.4&#8243; _module_preset=&#8221;default&#8221; theme_builder_area=&#8221;post_content&#8221; hover_enabled=&#8221;0&#8243; sticky_enabled=&#8221;0&#8243;]<h1 class=\"font_2\"><span>POL\u00cdTICA DE VENTAS<\/span><\/h1>[\/et_pb_text][\/et_pb_column][et_pb_column _builder_version=&#8221;4.14.4&#8243; _module_preset=&#8221;default&#8221; type=&#8221;3_4&#8243; theme_builder_area=&#8221;post_content&#8221;][et_pb_text _builder_version=&#8221;4.14.4&#8243; _module_preset=&#8221;default&#8221; theme_builder_area=&#8221;post_content&#8221; hover_enabled=&#8221;0&#8243; sticky_enabled=&#8221;0&#8243;]<div id=\"bgLayers_comp-jxkgb48t\" data-hook=\"bgLayers\" class=\"_3wnIc\">\n<div id=\"bgMedia_comp-jxkgb48t\" class=\"_2GUhU\">&#8211; ROLNET S.A. de C.V. vende principalmente al p\u00fablico en general y en algunos casos particulares sub-mayoreo.\u00a0<\/div>\n<\/div>\n<div data-mesh-id=\"comp-jxkgb48tinlineContent\" data-testid=\"inline-content\" class=\"\">\n<div data-mesh-id=\"comp-jxkgb48tinlineContent-gridContainer\" data-testid=\"mesh-container-content\">\n<div id=\"comp-jxkgb49a\" class=\"_1Q9if\" data-testid=\"richTextElement\">\n<p class=\"font_8\">\n<p class=\"font_8\"><span class=\"color_11\">&#8211; El horario de atenci\u00f3n es de lunes a viernes de 9:00 a 18:00 hrs.\u00a0<\/span><\/p>\n<p class=\"font_8\">\n<p class=\"font_8\"><span class=\"color_11\">&#8211; La cuenta bancaria a la que se deber\u00e1n realizar los dep\u00f3sitos o transferencias le ser\u00e1 especificada en su cotizaci\u00f3n o factura.<\/span><\/p>\n<p class=\"font_8\">\n<p class=\"font_8\"><span class=\"color_11\">&#8211; Toda venta al contado requiere confirmaci\u00f3n de pago para su tr\u00e1mite.<\/span><\/p>\n<p class=\"font_8\">\n<p class=\"font_8\"><span class=\"color_11\">&#8211; Las ventas en efectivo el pago ser\u00e1 por anticipado, en caso de transferencia esta tendr\u00e1 que ser confirmada por nuestro banco, para poder entregar la mercanc\u00eda o contra-entrega. (No se entrega equipo nuevo ni de reparaci\u00f3n sin confirmaci\u00f3n de pago)<\/span><\/p>\n<p class=\"font_8\">\n<p class=\"font_8\"><span class=\"color_11\">&#8211; Toda venta a cr\u00e9dito deber\u00e1 ser confirmada por medio de orden de compra o correo electr\u00f3nico.<\/span><\/p>\n<p class=\"font_8\">\n<p class=\"font_8\"><span class=\"color_11\">&#8211; No se facturar\u00e1 a clientes de cr\u00e9dito si tienen una o m\u00e1s facturas vencidas.<\/span><\/p>\n<p class=\"font_8\">\n<p class=\"font_8\"><span class=\"color_11\">&#8211; Toda instalaci\u00f3n de cableados o sistemas a domicilio requieren el 60% de anticipo y el restante 40% a la entrega final del servicio.<\/span><\/p>\n<p class=\"font_8\">\n<p class=\"font_8\"><span class=\"color_11\">&#8211; Para pago con tarjeta de cr\u00e9dito o d\u00e9bito, esta debe pertenecer al titular de la tarjeta previa identificaci\u00f3n oficial y comprobaci\u00f3n de firma en el supuesto caso.<\/span><\/p>\n<p class=\"font_8\">\n<p class=\"font_8\"><span class=\"color_11\">&#8211; Los cheques deber\u00e1n ser elaborados a nombre de: ROLNET S.A. DE C.V. con la leyenda \u201cPARA ABONO EN CUENTA DEL BENEFICIARIO\u201d, este deber\u00e1 ser depositado por el cliente en la sucursal Inbursa de su preferencia. (Clientes de contado: la entrega de mercanc\u00eda se har\u00e1 hasta que el cheque quede en firme)<\/span><\/p>\n<p class=\"font_8\">\n<p class=\"font_8\"><span class=\"color_11\">&#8211; El precio no incluye gastos de transporte, seguros, tasas suplementarias, Impuesto al Valor Agregado (IVA), ni cualquier ajuste por cambios en el pedido no estimados. Estos cargos correr\u00e1n a cargo del Cliente. No obstante lo anterior, en la factura que Rolnet\u00a0 emita, se tomar\u00e1n como base las tarifas en vigor en el momento de la facturaci\u00f3n.<\/span><\/p>\n<p class=\"font_8\">\n<p class=\"font_8\"><span class=\"color_11\">&#8211; Precios sujeto a cambio sin previo aviso.<\/span><\/p>\n<p class=\"font_8\">\n<p class=\"font_8\"><span class=\"color_11\">&#8211; Se presumir\u00e1 que cualquier persona que act\u00fae en nombre del Cliente es representante del mismo y posee las facultades necesarias para actuar como tal y obligar al Cliente. (Excepto cuando sea designado el personal autorizado por escrito o v\u00eda correo electr\u00f3nico)<\/span><\/p>\n<p class=\"font_8\">\n<p class=\"font_8\"><span class=\"color_11\">&#8211; En el momento de la recepci\u00f3n del Producto el Cliente har\u00e1 constar en la Factura\/Remisi\u00f3n que se firma al personal, cualquier incidencia en el estado de la misma o del embalaje. Todos los da\u00f1os f\u00edsicos, producto diferente o diferencias en bultos contra lo solicitado (Caja abierta, golpeada, con sellos violados, etc) deber\u00e1n ser rechazados por el Cliente, en caso de recibir el producto da\u00f1ado deber\u00e1 realizar la anotaci\u00f3n en la Factura de entrega o acuse, de no hacer las aclaraciones al momento de su recepci\u00f3n al personal o mensajer\u00eda es responsabilidad del Cliente las condiciones de aceptaci\u00f3n en las que se encuentre el producto.<\/span><\/p>\n<p class=\"font_8\">\n<p class=\"font_8\"><span class=\"color_11\">&#8211; El riesgo por p\u00e9rdida y\/o da\u00f1os al producto se transmite al Cliente desde el momento de la entrega y aceptaci\u00f3n del producto por el Cliente.<\/span><\/p>\n<p class=\"font_8\">\n<p class=\"font_8\"><span class=\"color_11\">&#8211; En env\u00edos por paqueter\u00eda el cliente decidir\u00e1 si su env\u00edo contar\u00e1 con seguro de transporte (con costo adicional) o no, liberando a Rolnet de cualquier responsabilidad una vez entregado el producto en la paqueter\u00eda.<\/span><\/p>\n<p class=\"font_8\">\n<p class=\"font_8\"><span class=\"color_11\">&#8211; Cualquier asunto relacionado con ventas no contemplado en el presente documento deber\u00e1 ser consultado o negociado por escrito con la gerencia de Rolnet para verificar autorizaci\u00f3n en caso que proceda.<\/span><\/p>\n<p class=\"font_8\"><span class=\"wixGuard\">\u200b<\/span><\/p>\n<p class=\"font_8\"><span class=\"wixGuard\">\u200b<\/span><\/p>\n<p class=\"font_8\"><span class=\"color_11\">DOC 1.0 REV 001 01\/07\/2019<\/span><\/p>\n<\/div>\n<\/div>\n<\/div>[\/et_pb_text][\/et_pb_column][\/et_pb_row][\/et_pb_section]\n","protected":false},"excerpt":{"rendered":"<p>POL\u00cdTICA DE VENTAS &#8211; ROLNET S.A. de C.V. vende principalmente al p\u00fablico en general y en algunos casos particulares sub-mayoreo.\u00a0 &#8211; El horario de atenci\u00f3n es de lunes a viernes de 9:00 a 18:00 hrs.\u00a0 &#8211; La cuenta bancaria a la que se deber\u00e1n realizar los dep\u00f3sitos o transferencias le ser\u00e1 especificada en su cotizaci\u00f3n [&hellip;]<\/p>\n","protected":false},"author":1,"featured_media":0,"parent":0,"menu_order":0,"comment_status":"closed","ping_status":"closed","template":"","meta":{"_et_pb_use_builder":"on","_et_pb_old_content":"","_et_gb_content_width":"","footnotes":""},"class_list":["post-49","page","type-page","status-publish","hentry"],"_links":{"self":[{"href":"https:\/\/rolnet.mx\/index.php\/wp-json\/wp\/v2\/pages\/49","targetHints":{"allow":["GET"]}}],"collection":[{"href":"https:\/\/rolnet.mx\/index.php\/wp-json\/wp\/v2\/pages"}],"about":[{"href":"https:\/\/rolnet.mx\/index.php\/wp-json\/wp\/v2\/types\/page"}],"author":[{"embeddable":true,"href":"https:\/\/rolnet.mx\/index.php\/wp-json\/wp\/v2\/users\/1"}],"replies":[{"embeddable":true,"href":"https:\/\/rolnet.mx\/index.php\/wp-json\/wp\/v2\/comments?post=49"}],"version-history":[{"count":3,"href":"https:\/\/rolnet.mx\/index.php\/wp-json\/wp\/v2\/pages\/49\/revisions"}],"predecessor-version":[{"id":52,"href":"https:\/\/rolnet.mx\/index.php\/wp-json\/wp\/v2\/pages\/49\/revisions\/52"}],"wp:attachment":[{"href":"https:\/\/rolnet.mx\/index.php\/wp-json\/wp\/v2\/media?parent=49"}],"curies":[{"name":"wp","href":"https:\/\/api.w.org\/{rel}","templated":true}]}}