{"id":36,"date":"2022-01-04T00:32:01","date_gmt":"2022-01-04T00:32:01","guid":{"rendered":"https:\/\/rolnet.mx\/?page_id=36"},"modified":"2022-01-04T17:14:28","modified_gmt":"2022-01-04T17:14:28","slug":"36-2","status":"publish","type":"page","link":"https:\/\/rolnet.mx\/index.php\/36-2\/","title":{"rendered":"Pol\u00edtica de Garant\u00edas"},"content":{"rendered":"<p>[et_pb_section fb_built=&#8221;1&#8243; theme_builder_area=&#8221;post_content&#8221; _builder_version=&#8221;4.14.4&#8243; _module_preset=&#8221;default&#8221;][et_pb_row _builder_version=&#8221;4.14.4&#8243; _module_preset=&#8221;default&#8221; column_structure=&#8221;1_4,3_4&#8243; theme_builder_area=&#8221;post_content&#8221;][et_pb_column _builder_version=&#8221;4.14.4&#8243; _module_preset=&#8221;default&#8221; type=&#8221;1_4&#8243; theme_builder_area=&#8221;post_content&#8221;][et_pb_text _builder_version=&#8221;4.14.4&#8243; _module_preset=&#8221;default&#8221; theme_builder_area=&#8221;post_content&#8221; hover_enabled=&#8221;0&#8243; sticky_enabled=&#8221;0&#8243; header_line_height=&#8221;1.6em&#8221;]<\/p>\n<h1 class=\"font_8\"><strong><span class=\"color_11\">ROLNET aplica garant\u00eda bajo las siguientes condiciones:<\/span><\/strong><\/h1>\n<p>[\/et_pb_text][\/et_pb_column][et_pb_column _builder_version=&#8221;4.14.4&#8243; _module_preset=&#8221;default&#8221; type=&#8221;3_4&#8243; theme_builder_area=&#8221;post_content&#8221;][et_pb_text _builder_version=&#8221;4.14.4&#8243; _module_preset=&#8221;default&#8221; theme_builder_area=&#8221;post_content&#8221; hover_enabled=&#8221;0&#8243; sticky_enabled=&#8221;0&#8243;]<\/p>\n<p class=\"font_8\"><span class=\"color_11\">&#8211; Todo producto para garant\u00eda o devoluci\u00f3n debe ir acompa\u00f1ado de copia su factura o remisi\u00f3n de compra donde se encuentre el n\u00famero de serie del producto y este dentro del plazo de duraci\u00f3n de la garant\u00eda; el equipo debe ser enviado a nuestras oficinas, Previamente se debe enviar un correo electr\u00f3nico detallando el problema a<span>\u00a0<\/span><a data-auto-recognition=\"true\" href=\"mailto:soporte@rolnet.mx\">soporte@rolnet.mx<\/a>, adjuntando copia de su factura o remisi\u00f3n de compra en formato PDF. NO HAY GARANT\u00cdA A DOMICILIO a menos que se haya contratado expresamente para dicho producto.<\/span><\/p>\n<p class=\"font_8\">\n<p class=\"font_8\"><span class=\"color_11\">&#8211; Los productos presentados para tr\u00e1mite de garant\u00eda, cuando el fabricante as\u00ed lo solicite, deber\u00e1n venir\u00a0 en sus empaques, con sus manuales, drivers, sellos, software y accesorios originales incluidos al momento de su compra.<\/span><\/p>\n<p class=\"font_8\">\n<p class=\"font_8\"><span class=\"color_11\">&#8211; La vigencia de Garant\u00eda en productos ser\u00e1 la especificada en la p\u00f3liza de garant\u00eda de cada fabricante.<\/span><\/p>\n<p class=\"font_8\">\n<p class=\"font_8\"><span class=\"color_11\">&#8211; La garant\u00eda en servicios de mantenimiento, reparaci\u00f3n o instalaci\u00f3n es de 10 d\u00edas h\u00e1biles, una vez realizado el servicio, siempre y cuando est\u00e9n relacionados directamente con el problema reportado inicialmente; posterior a la fecha no se aceptan reclamaciones, con excepci\u00f3n a clientes con p\u00f3liza de mantenimiento contratada.<\/span><\/p>\n<p class=\"font_8\">\n<p class=\"font_8\"><span class=\"color_11\">&#8211; Los productos\u00a0 de marcas como Apple, Dell, Hewlett Packard, Samsung. Benq, LG, Epson, Brother etc., de los cuales existen centros de servicio en la Rep\u00fablica Mexicana, las garant\u00edas se llevar\u00e1n a cabo en los centro de servicio autorizados de cada marca ya que de no ser as\u00ed pierden su garant\u00eda de\u00a0 f\u00e1brica. Este tr\u00e1mite es realizado por el cliente directamente. Es necesario contar con la p\u00f3liza de garant\u00eda del producto, factura y series. ROLNET podr\u00e1 facilitar los n\u00fameros telef\u00f3nicos de contacto en caso de as\u00ed requerirlo, mas no podr\u00e1 tramitar dicha garant\u00eda por pol\u00edticas del fabricante.\u00a0<\/span><\/p>\n<p class=\"font_8\">\n<p class=\"font_8\"><span class=\"color_11\">&#8211; La garant\u00eda a productos que no cuentan con centros de servicios proceder\u00e1 previa revisi\u00f3n de nuestros t\u00e9cnicos y en caso procedente se realizar\u00e1 cambio f\u00edsico si es defecto de f\u00e1brica de acuerdo a los tiempos de entrega del proveedor de cada marca;\u00a0 en el caso de que el producto est\u00e9 descontinuado o no se cuente con mercanc\u00eda disponible para su reposici\u00f3n se har\u00e1 nota de cr\u00e9dito la cual tendr\u00e1 que ser aplicada en los siguientes 60 d\u00edas posteriores a su emisi\u00f3n.<\/span><\/p>\n<p class=\"font_8\">\n<p class=\"font_8\"><span class=\"color_11\">&#8211; Toda garant\u00eda en productos donde el plazo de garant\u00eda haya terminado ser\u00e1 improcedente.<\/span><\/p>\n<p class=\"font_8\">\n<p class=\"font_8\"><span class=\"color_11\">&#8211; La garant\u00eda no procede por:<\/span><\/p>\n<p class=\"font_8\"><span class=\"color_11\">a) Uso indebido o haya sido utilizado en condiciones distintas a las especificadas por el fabricante.<\/span><\/p>\n<p class=\"font_8\"><span class=\"color_11\">b) El producto hubiese sido intervenido o alterado. (Sellos de garant\u00eda violados)\u00a0<\/span><\/p>\n<p class=\"font_8\"><span class=\"color_11\">c) Que presente da\u00f1o f\u00edsico. (golpeado, roto, quemado, rallado, mojado etc.)<\/span><\/p>\n<p class=\"font_8\"><span class=\"color_11\">d) La falla sea provocada por la instalaci\u00f3n de cualquier software o agentes externos.<\/span><\/p>\n<p class=\"font_8\">\u00a0<\/p>\n<p class=\"font_8\"><span class=\"color_11\">ROLNET acepta devolucion bajo las siguientes condiciones:<\/span><\/p>\n<p class=\"font_8\">\n<p class=\"font_8\"><span class=\"color_11\">&#8211; Toda devoluci\u00f3n aplica un cargo del 20% sobre valor del producto a devolver.<\/span><\/p>\n<p class=\"font_8\">\n<p class=\"font_8\"><span class=\"color_11\">&#8211; S\u00f3lo se aplican devoluciones en productos cuyo empaque est\u00e9 intacto (caja cerrada, sellos, su envoltura y empaque original as\u00ed como manuales, drivers, sellos, software y accesorios originales) sin ninguna alteraci\u00f3n o violaci\u00f3n, s\u00f3lo dentro de los 5 d\u00edas h\u00e1biles posteriores a su facturaci\u00f3n independientemente de la fecha de entrega.<\/span><\/p>\n<p class=\"font_8\">\n<p class=\"font_8\"><span class=\"color_11\">&#8211; El producto en su caja original sellada deber\u00e1 de ser revisado por el departamento de servicio t\u00e9cnico debiendo estar en perfectas condiciones.<\/span><\/p>\n<p class=\"font_8\">\n<p class=\"font_8\"><span class=\"color_11\">&#8211; Bajo ninguna circunstancia se aceptar\u00e1 la devoluci\u00f3n de productos abiertos y con sellos violados; o que no vengan completos.<\/span><\/p>\n<p class=\"font_8\">\n<p class=\"font_8\"><span class=\"color_11\">&#8211; No se acepta\u00a0 devoluci\u00f3n en productos sobre pedido, es decir producto que no se maneja de l\u00ednea, obsoleto, seminuevo, usado o de remate.\u00a0<\/span><\/p>\n<p class=\"font_8\">\n<p class=\"font_8\"><span class=\"color_11\">&#8211; No se aceptan devoluciones ni cambios de software ni licenciamiento. As\u00ed mismo no se podr\u00e1 cancelar, cambiar ni devolver licenciamiento una vez iniciado el proceso de solicitud al fabricante.<\/span><\/p>\n<p class=\"font_8\">\n<p class=\"font_8\"><span class=\"color_11\">&#8211; No se aceptan devoluciones de consumibles, toners, tintas o similares.<\/span><\/p>\n<p class=\"font_8\">\n<p class=\"font_8\"><span class=\"color_11\">&#8211; No se aceptan devoluciones cuando la factura incluya la leyenda\u00a0 \u201cNo devoluci\u00f3n y\/o Cancelaci\u00f3n\u201d.\u00a0<\/span><\/p>\n<p class=\"font_8\">\n<p class=\"font_8\"><span class=\"color_11\">-No se hacen devoluciones en efectivo invariablemente se realizar\u00e1 por medio de nota de cr\u00e9dito la cual tiene que ser aplicada en los siguientes 60 d\u00edas posteriores a su emisi\u00f3n.<\/span><\/p>\n<p class=\"font_8\">\n<p class=\"font_8\"><span class=\"color_11\">-Para devolver producto tiene que ser autorizado por Gerencia de Rolnet.<\/span><\/p>\n<p class=\"font_8\"><span class=\"wixGuard\">\u200b<\/span><\/p>\n<p class=\"font_8\"><span class=\"color_11\">* Es importante que si usted no conoce el producto o tiene alguna duda de lo que va a comprar haga las preguntas necesarias antes de solicitar el producto.<\/span>\u00a0<\/p>\n<p class=\"font_8\"><span class=\"color_11\">** ROLNET no se hace responsable de la informaci\u00f3n y software contenido en los equipos de c\u00f3mputo en proceso de garant\u00eda o devoluci\u00f3n se recomienda realizar un respaldo, en caso de no saber o poder hacerlo, con gusto le podemos ayudar con un costo preferencial.<\/span><\/p>\n<p class=\"font_8\"><span class=\"wixGuard\">\u200b<\/span><\/p>\n<p class=\"font_8\"><span class=\"color_11\">*** Todo asunto relacionado con devoluci\u00f3n o garant\u00eda que no se haya considerado en el anterior texto deber\u00e1 ser tratado directamente ante la gerencia de Rolnet para validar si es procedente y bajo qu\u00e9 condiciones.<\/span><\/p>\n<p class=\"font_8\"><span class=\"wixGuard\">\u200b<\/span><\/p>\n<p class=\"font_8\"><span class=\"color_11\">DOC 1.0 REV 001 01\/07\/2019<\/span><\/p>\n<p>[\/et_pb_text][\/et_pb_column][\/et_pb_row][\/et_pb_section]<\/p>\n","protected":false},"excerpt":{"rendered":"<p>ROLNET aplica garant\u00eda bajo las siguientes condiciones:- Todo producto para garant\u00eda o devoluci\u00f3n debe ir acompa\u00f1ado de copia su factura o remisi\u00f3n de compra donde se encuentre el n\u00famero de serie del producto y este dentro del plazo de duraci\u00f3n de la garant\u00eda; el equipo debe ser enviado a nuestras oficinas, Previamente se debe enviar [&hellip;]<\/p>\n","protected":false},"author":1,"featured_media":0,"parent":0,"menu_order":0,"comment_status":"closed","ping_status":"closed","template":"","meta":{"_et_pb_use_builder":"on","_et_pb_old_content":"","_et_gb_content_width":"","footnotes":""},"class_list":["post-36","page","type-page","status-publish","hentry"],"_links":{"self":[{"href":"https:\/\/rolnet.mx\/index.php\/wp-json\/wp\/v2\/pages\/36","targetHints":{"allow":["GET"]}}],"collection":[{"href":"https:\/\/rolnet.mx\/index.php\/wp-json\/wp\/v2\/pages"}],"about":[{"href":"https:\/\/rolnet.mx\/index.php\/wp-json\/wp\/v2\/types\/page"}],"author":[{"embeddable":true,"href":"https:\/\/rolnet.mx\/index.php\/wp-json\/wp\/v2\/users\/1"}],"replies":[{"embeddable":true,"href":"https:\/\/rolnet.mx\/index.php\/wp-json\/wp\/v2\/comments?post=36"}],"version-history":[{"count":9,"href":"https:\/\/rolnet.mx\/index.php\/wp-json\/wp\/v2\/pages\/36\/revisions"}],"predecessor-version":[{"id":89,"href":"https:\/\/rolnet.mx\/index.php\/wp-json\/wp\/v2\/pages\/36\/revisions\/89"}],"wp:attachment":[{"href":"https:\/\/rolnet.mx\/index.php\/wp-json\/wp\/v2\/media?parent=36"}],"curies":[{"name":"wp","href":"https:\/\/api.w.org\/{rel}","templated":true}]}}